
2
Let t(f) = -f**2 - 10*f - 12. Let r be t(-8). Suppose -r*y + 3*y = -3. Let h = y + -1. What is the units digit of h?
2
Suppose 2*s - 2 = 2*a, s = -4*s + 25. Suppose a*j - 4*z = 25 + 27, 2*j + 2*z = 22. What is the tens digit of j?
1
Let y(u) = u**3 - 4*u**2 + 5*u - 3. Let h be y(3). Let b = 11 - 8. Suppose -h*q + 29 = x, b*q + 4*x = 36 - 1. What is the units digit of q?
9
Suppose -2*a + 0*a + 117 = -u, -162 = -3*a - 3*u. What is the tens digit of a?
5
Let j = -6 + 8. Suppose -p = -4*h + 2 - 18, -3*p = -j*h - 58. What is the units digit of p?
0
Suppose 2*p + 3*p = 75. What is the units digit of p?
5
Suppose 0*w = w - 1. Let m(d) = -16*d**2 + 1. Let j be m(w). Let q = -9 - j. What is the units digit of q?
6
Let u(g) = -g - 4. Let j be u(-7). Let k = j + 7. What is the tens digit of k?
1
Let b be (6 - 0)*10/(-15). Let z(k) = -4 - 1 - 2*k + 2. What is the units digit of z(b)?
5
Let n be 3*1*16/12. Let v be (-1)/n - (-27)/(-4). Let f = 11 + v. What is the units digit of f?
4
What is the tens digit of (-4)/(16/(-396)) + -4?
9
Suppose 0 = -4*h + i - 691, 6*i + 673 = -4*h + i. Let d be 2/7 + h/14. Let v = -5 - d. What is the units digit of v?
7
Suppose 0*j = -3*j + 4*d, -5*d = -2*j. Suppose -3*k + 38 = -5*i - j*i, 2*k - 17 = -5*i. What is the tens digit of k?
1
Let s(y) = -y**2 + 8*y + 13. What is the units digit of s(9)?
4
Let u(b) = -21*b - 13. What is the hundreds digit of u(-7)?
1
Let h be 2*(2 - 18/4). Let t = h + 7. Suppose 4*v + 3 = 3*v, t*d - 31 = v. What is the tens digit of d?
1
Suppose 40 = -2*i - 3*i - 5*d, -2*d + 20 = -2*i. Let c = -1 - i. What is the units digit of c?
8
Suppose 0 = s + 5*s - 66. What is the units digit of s?
1
Suppose 0 = 5*h - 5*l - 250, 0 = -5*h + l + 61 + 173. Suppose -8 = -2*n - 2*n. Suppose n = w - k - 8, -h = -5*w + 4*k. What is the units digit of w?
6
What is the units digit of 1 - 59/(-2)*2?
0
Let v(u) = -2*u - 1. Let l(z) = 6*z + 3. Let a(o) = 3*l(o) + 8*v(o). What is the units digit of a(4)?
9
Let p(a) = -a**2 - 4*a + 5. Let w be p(-4). What is the units digit of (w + -6)/((-2)/6)?
3
Let g be 2 + (-3)/(-3) + -4. What is the units digit of (-6)/(-4)*(-4)/g?
6
Let a be 22*((-1)/2)/1. Let s(n) = -19*n**2 + n. Let h be s(-1). Let d = a - h. What is the units digit of d?
9
Let i(r) = -6*r**3 + 2*r**2 - 4*r + 5. Let g(m) = -5*m**3 + m**2 - 3*m + 4. Let n(s) = -7*g(s) + 6*i(s). What is the units digit of n(3)?
1
Let a(y) = -y**3 - 10*y**2 + 11*y + 5. Let l be a(-11). Suppose 7*d - 74 = l*d. What is the tens digit of d?
3
Let o(c) = 3*c**2 - 1. Let p be o(1). Let s = -71 + 74. Suppose -2*a + 3*l + 11 = 0, -s*l = 5*a + p*l - 65. What is the tens digit of a?
1
Let q = -156 - -259. What is the units digit of q?
3
Let v(f) be the first derivative of f**4/12 - 4*f**3/3 - 7*f**2/2 + 3*f - 1. Let q(d) be the first derivative of v(d). What is the units digit of q(9)?
2
Suppose 11*a - 560 = 276. What is the units digit of a?
6
Let j = 16 + -22. Let h = j - -9. Let t(q) = -q**2 + 5*q - 3. What is the units digit of t(h)?
3
What is the units digit of (5 + -2 - (-99)/3) + 2?
8
Let b be (-6)/(-4)*4/3. Suppose b = 5*m - 18. What is the units digit of m?
4
Let v(y) = -y - 4. Let r be v(-7). Suppose a - 208 = -r*a. What is the tens digit of a?
5
Let u(b) = b**2 + 2*b - 1. Let m = -4 - -1. What is the units digit of u(m)?
2
Let n(v) = -v + 23. Let d(w) = w - 34. Let c(p) = 5*d(p) + 7*n(p). Let k be 1/((-18)/16 + 1). What is the units digit of c(k)?
7
Let o = 7 - 3. Suppose 135 = o*t + t. Suppose 17 = 4*z - t. What is the tens digit of z?
1
Let b(k) = k**3 + k**2 + 3. What is the units digit of b(0)?
3
Let c be (8/(-3))/(5/(-15)). What is the units digit of -4 + c - (4 + -2)?
2
Suppose 0 = 3*p + 3*f - 3, -p + 7 = 2*f + f. Suppose 6*i + 9 = 3*i. Let n = p - i. What is the units digit of n?
1
Suppose -5 = -2*d - 3. Let l(n) = n + d + n - n. What is the units digit of l(6)?
7
Suppose 0 = 3*s + 15, 6*q = 3*q - 2*s - 1. Suppose k + q*k = 24. Suppose -3*r + 12 = -k. What is the units digit of r?
6
Let d be 4/(-18) - 80/(-36). What is the units digit of 1/(d/8 + 0)?
4
Let h(m) = -m**3 + 4*m**2 + 6*m + 5. Let i be h(5). Let p be 2/i + 48/10. Suppose 0*a - 2*a + p*n + 22 = 0, 50 = 3*a + n. What is the units digit of a?
6
Let t(y) be the second derivative of -y**3/6 + 2*y**2 - 2*y. What is the units digit of t(2)?
2
Let l(y) = -2*y**2 - 4*y - 2. Let i be (-2)/5 + 8/(-5). Let j be l(i). What is the units digit of 9 + 3 + j + -1?
9
Suppose 5 = g - j + 4*j, -4*g - 25 = 3*j. Let z = 15 + g. What is the units digit of z?
5
Let c = -42 + 126. What is the units digit of c?
4
Suppose 2*g = 132 + 36. What is the units digit of g/5 + (-1)/(-5)?
7
Let l be 0*(3/(-2) + 1). Suppose l = -5*p + 2*z + 23 - 6, -4*p + 4*z + 16 = 0. Suppose -p*m - c + 9 = -10, 3 = -m - 5*c. What is the units digit of m?
7
Suppose -2*p = -p - 4. Let z = 45 + p. What is the tens digit of z?
4
Suppose -2*u + 3*l - 12 = -l, -5 = -l. Suppose 2*t = u*q + 4*t - 232, q + 2*t = 61. What is the units digit of q?
7
Suppose 2*i + 3*u - 21 = 0, 0 = -4*i + 5*u + 25 + 6. What is the units digit of i?
9
Suppose -5*w - 3*s = -10 - 3, 2*w - 8 = -4*s. Suppose -4*u = -3*u - w, -3*d + 11 = u. Suppose 0 = a - 5*l - 13, d*a - 2*a - l = 9. What is the units digit of a?
8
Let o = -4 - -8. Suppose o*u + 6 = 22, 3*u = -p + 18. Let l = 13 - p. What is the units digit of l?
7
Suppose 0 = 3*m - 2*c - 413, -4*m - 2*c + 0*c = -574. What is the units digit of m?
1
Let k(q) = -q**2 + 6*q - 5. Let z = 2 + 3. Let h be k(z). Let o = h + 1. What is the units digit of o?
1
Suppose -2*h + 46 = 5*y + 2*h, -2*y = -3*h. What is the tens digit of ((-39)/(-9) + -2)*y?
1
Suppose 5*v - 183 = -2*c, 0 = -2*v + 3*v + 4*c - 33. What is the tens digit of v?
3
Let r(p) = 19*p**2 - p - 2. What is the tens digit of r(-1)?
1
Let j be (82/(-4))/((-2)/4). Suppose j = 4*k - 39. What is the units digit of 8/k + 33/5?
7
Suppose -g + 3*i = -0*g - 16, -g + 5*i + 20 = 0. Suppose 0*u + g = 5*u. Suppose 5*h - 13 = u. What is the units digit of h?
3
Suppose -41 = -3*m + 1. What is the tens digit of m?
1
Let g be 8/(-28) + (-108)/14. Let w = -4 - g. What is the units digit of (-3)/(-6) + 18/w?
5
Suppose 5*p = -2*o + 3*p - 86, -2*p = -o - 40. What is the units digit of o/15*5*-2?
8
Let w = -10 - -13. Suppose -3*i + 40 = 4*b, i = w*i - 3*b - 21. What is the tens digit of i?
1
Let u be 1*(2 - 15)*-1. Let o be 3/6 - u/(-2). What is the units digit of (-7)/(-2) - o/(-14)?
4
Let i be -3 - -1 - 0/(-7). What is the tens digit of (224/(-21))/(i/3)?
1
Suppose 0 = -2*r - 3 - 3. Let h be (-28)/r*(3 - 0). Suppose 4*n = h + 8. What is the units digit of n?
9
Let m be (-20)/(-6)*15/(-10). Let l = 11 - m. What is the tens digit of l?
1
Suppose -2 + 18 = 4*z. Suppose -4 = -u - r, z*r + 0*r = -2*u + 14. What is the units digit of u?
1
Let u(c) = c**3 + c**2 + 32. What is the tens digit of u(0)?
3
Let f(y) = y**3 - 4*y**2 - y - 11. What is the tens digit of f(7)?
2
Let w(a) = 2*a**2 - 7*a - 28. What is the units digit of w(-9)?
7
Let l(x) = 3 - 10*x**2 - x - x + 5*x + 0*x. Let v be l(-2). Let s = -26 - v. What is the tens digit of s?
1
Let d = 0 + 3. Suppose z = 2*u + 7, 6*u - d*u + 28 = 5*z. What is the units digit of z?
5
Let d be -10 + -1 + 1/1. What is the units digit of ((-24)/d - 2)*15?
6
What is the units digit of 38 - (-6 + -4 + 6)?
2
Let d(n) be the first derivative of n**4/4 - 3*n**3 - 11*n**2/2 - 4*n + 1. Let z be d(10). Let t = z - -24. What is the tens digit of t?
1
Let b = 10 + -19. Let t = b + 23. What is the units digit of t?
4
Let b(m) be the second derivative of m**5/20 + 13*m**4/12 + 11*m**3/6 - 3*m**2 - 2*m. What is the units digit of b(-12)?
6
Let x(i) = 11*i**2 + 5*i + 2. What is the tens digit of x(-2)?
3
Suppose 0*w + w - 1 = 0. What is the units digit of w?
1
Let p(s) = s**3 - 2*s**2 - 3*s + 3. Let a be p(3). Suppose 10 = 2*t, 2*t = 4*i - 0*i - 118. What is the units digit of i/6 - 1/a?
5
Let a be 3 + -4 + 3 - 3. What is the units digit of 3 + a*(-2 + -1)?
6
Suppose -2 = v - 0. Let s be 1/(v/(-12)*2). Suppose s*n - 3*j - 36 = 0, -6*n - 2*j + 54 = -2*n. What is the units digit of n?
3
Let x(u) = 6*u + 26. Let w(k) = -2*k - 9. Let r(g) = -17*w(g) - 6*x(g). What is the units digit of r(-4)?
5
Let t(w) = 0 - 3*w**2 + 1 - 5. Let v(y) = -7*